{"id":89,"date":"2021-06-05T22:13:26","date_gmt":"2021-06-05T20:13:26","guid":{"rendered":"https:\/\/cefoprosa-org-467689.hostingersite.com\/?page_id=89"},"modified":"2021-06-12T20:47:03","modified_gmt":"2021-06-12T18:47:03","slug":"a-propos","status":"publish","type":"page","link":"https:\/\/cefoprosa.org\/index.php\/a-propos\/","title":{"rendered":"A PROPOS"},"content":{"rendered":"\n<p class=\"has-drop-cap justification_texte\" style=\"font-size:17px\">Le centre de Formation Professionnelle Saint Andr\u00e9 de Dschang (CEFOPROSA) est une structure camerounaise agr\u00e9e d&#8217;apprentissage et de formation linguistique et professionnelle, cr\u00e9\u00e9 le 26 Mai 2021 par l&#8217;arr\u00eat\u00e9 L&#8217;ARR\u00caT\u00c9 MINIST\u00c9RIEL N\u00b000000200\/MINEFOP\/SG\/DFOP\/SDGSF\/SACD\/BAC du 26 MAI 2021 et conform\u00e9ment  \u00e0 la loi N\u00b02018\/010 du 11 juillet 2018 r\u00e9gissant la Formation Professionnelle au Cameroun. Le CEFOPROSA est dirig\u00e9 par des chr\u00e9tiens catholiques. Il est ouvert \u00e0 tous les apprenants, aussi bien \u00e9l\u00e8ves qu&#8217;\u00e9tudiants, ou encore des travailleurs d\u00e9sirants se former en informatique, Infographie, secr\u00e9tariat bureautique, secr\u00e9tariat comptable et dans les langues \u00e9trang\u00e8res fran\u00e7ais, anglais et allemand. <\/p>\n\n\n\n<p class=\"justification_texte\" style=\"font-size:17px\">Il est situ\u00e9 qu quartier &#8220;Centre commercial&#8221;, au centre ville de Dschang, \u00e0 100 m\u00e8tres du &#8220;rond-point MRS&#8221;, dit &#8220;Rondo&#8221;, sur le sens interdit menant \u00e0 l&#8217;entr\u00e9e principale du march\u00e9 &#8220;A&#8221;, au premier \u00e9tage de l&#8217;immeuble de la microfinance MMOCKBIE CREDIT UNION<\/p>\n\n\n\n<p class=\"justification_texte\" style=\"font-size:17px\">Au centre Saint Andr\u00e9, des enseignants de qualit\u00e9 sont \u00e0 votre service et \u00e0 votre \u00e9coute et vous b\u00e9n\u00e9ficiez d&#8217;un accompagnement tout au long de votre cursus et m\u00eame apr\u00e8s. <\/p>\n","protected":false},"excerpt":{"rendered":"<p>Le centre de Formation Professionnelle Saint Andr\u00e9 de Dschang (CEFOPROSA) est une structure camerounaise agr\u00e9e d&#8217;apprentissage et de formation linguistique et professionnelle, cr\u00e9\u00e9 le 26 Mai 2021 par l&#8217;arr\u00eat\u00e9 L&#8217;ARR\u00caT\u00c9 MINIST\u00c9RIEL N\u00b000000200\/MINEFOP\/SG\/DFOP\/SDGSF\/SACD\/BAC du 26 MAI 2021 et conform\u00e9ment \u00e0 la loi N\u00b02018\/010 du 11 juillet 2018 r\u00e9gissant la Formation Professionnelle au Cameroun. Le CEFOPROSA est [&hellip;]<\/p>\n","protected":false},"author":1,"featured_media":264,"parent":0,"menu_order":0,"comment_status":"closed","ping_status":"closed","template":"","meta":{"om_disable_all_campaigns":false,"_monsterinsights_skip_tracking":false,"_monsterinsights_sitenote_active":false,"_monsterinsights_sitenote_note":"","_monsterinsights_sitenote_category":0,"footnotes":""},"class_list":["post-89","page","type-page","status-publish","has-post-thumbnail","hentry"],"aioseo_notices":[],"_links":{"self":[{"href":"https:\/\/cefoprosa.org\/index.php\/wp-json\/wp\/v2\/pages\/89","targetHints":{"allow":["GET"]}}],"collection":[{"href":"https:\/\/cefoprosa.org\/index.php\/wp-json\/wp\/v2\/pages"}],"about":[{"href":"https:\/\/cefoprosa.org\/index.php\/wp-json\/wp\/v2\/types\/page"}],"author":[{"embeddable":true,"href":"https:\/\/cefoprosa.org\/index.php\/wp-json\/wp\/v2\/users\/1"}],"replies":[{"embeddable":true,"href":"https:\/\/cefoprosa.org\/index.php\/wp-json\/wp\/v2\/comments?post=89"}],"version-history":[{"count":10,"href":"https:\/\/cefoprosa.org\/index.php\/wp-json\/wp\/v2\/pages\/89\/revisions"}],"predecessor-version":[{"id":327,"href":"https:\/\/cefoprosa.org\/index.php\/wp-json\/wp\/v2\/pages\/89\/revisions\/327"}],"wp:featuredmedia":[{"embeddable":true,"href":"https:\/\/cefoprosa.org\/index.php\/wp-json\/wp\/v2\/media\/264"}],"wp:attachment":[{"href":"https:\/\/cefoprosa.org\/index.php\/wp-json\/wp\/v2\/media?parent=89"}],"curies":[{"name":"wp","href":"https:\/\/api.w.org\/{rel}","templated":true}]}}

<p class="has-drop-cap justification_texte" style="font-size:17px">Le centre de Formation Professionnelle Saint André de Dschang (CEFOPROSA) est une structure camerounaise agrée d&#8217;apprentissage et de formation linguistique et professionnelle, créé le 26 Mai 2021 par l&#8217;arrêté L&#8217;ARRÊTÉ MINISTÉRIEL N°00000200/MINEFOP/SG/DFOP/SDGSF/SACD/BAC du 26 MAI 2021 et conformément  à la loi N°2018/010 du 11 juillet 2018 régissant la Formation Professionnelle au Cameroun. Le CEFOPROSA est dirigé par des chrétiens catholiques. Il est ouvert à tous les apprenants, aussi bien élèves qu&#8217;étudiants, ou encore des travailleurs désirants se former en informatique, Infographie, secrétariat bureautique, secrétariat comptable et dans les langues étrangères français, anglais et allemand. </p>



<p class="justification_texte" style="font-size:17px">Il est situé qu quartier &#8220;Centre commercial&#8221;, au centre ville de Dschang, à 100 mètres du &#8220;rond-point MRS&#8221;, dit &#8220;Rondo&#8221;, sur le sens interdit menant à l&#8217;entrée principale du marché &#8220;A&#8221;, au premier étage de l&#8217;immeuble de la microfinance MMOCKBIE CREDIT UNION</p>



<p class="justification_texte" style="font-size:17px">Au centre Saint André, des enseignants de qualité sont à votre service et à votre écoute et vous bénéficiez d&#8217;un accompagnement tout au long de votre cursus et même après. </p>

<p>Le centre de Formation Professionnelle Saint André de Dschang (CEFOPROSA) est une structure camerounaise agrée d&#8217;apprentissage et de formation linguistique et professionnelle, créé le 26 Mai 2021 par l&#8217;arrêté L&#8217;ARRÊTÉ MINISTÉRIEL N°00000200/MINEFOP/SG/DFOP/SDGSF/SACD/BAC du 26 MAI 2021 et conformément à la loi N°2018/010 du 11 juillet 2018 régissant la Formation Professionnelle au Cameroun. Le CEFOPROSA est [&hellip;]</p>
