{"id":40,"date":"2021-06-04T11:23:45","date_gmt":"2021-06-04T09:23:45","guid":{"rendered":"https:\/\/cefoprosa-org-467689.hostingersite.com\/?page_id=40"},"modified":"2021-06-06T23:21:05","modified_gmt":"2021-06-06T21:21:05","slug":"formations-linguistiques","status":"publish","type":"page","link":"https:\/\/cefoprosa.org\/index.php\/formations-linguistiques\/","title":{"rendered":"Formations linguistiques"},"content":{"rendered":"\n<p class=\"justification_texte\" style=\"font-size:17px\">Nos cours de langue sont con\u00e7us selon le Cadre europ\u00e9en commun de r\u00e9f\u00e9rence pour les langues (CECR). Ce cadre d\u00e9finit les diff\u00e9rents niveaux d\u2019aptitude dans les langues \u00e9trang\u00e8res et les connaissances qui doivent \u00eatre acquises \u00e0 la fin de chaque niveau ainsi que le nombre d\u2019heures de cours. Ce <a href=\"https:\/\/eduscol.education.fr\/1971\/cadre-europeen-commun-de-reference-pour-les-langues-cecrl\" title=\"https:\/\/eduscol.education.fr\/1971\/cadre-europeen-commun-de-reference-pour-les-langues-cecrl\">document<\/a> est la r\u00e9f\u00e9rence en la mati\u00e8re et a \u00e9t\u00e9 reconnu par de nombreux pays africains parmi lesquels le Cameroun. Nos cours de langues s\u2019inscrivent dans le m\u00eame cadre afin de former des camerounais et \u00e9trangers aptes dans les seconde langues ou langues \u00e9trang\u00e8res allemand, anglais et fran\u00e7ais.<\/p>\n","protected":false},"excerpt":{"rendered":"<p>Nos cours de langue sont con\u00e7us selon le Cadre europ\u00e9en commun de r\u00e9f\u00e9rence pour les langues (CECR). Ce cadre d\u00e9finit les diff\u00e9rents niveaux d\u2019aptitude dans les langues \u00e9trang\u00e8res et les connaissances qui doivent \u00eatre acquises \u00e0 la fin de chaque niveau ainsi que le nombre d\u2019heures de cours. Ce document est la r\u00e9f\u00e9rence en la [&hellip;]<\/p>\n","protected":false},"author":1,"featured_media":275,"parent":0,"menu_order":0,"comment_status":"closed","ping_status":"closed","template":"","meta":{"om_disable_all_campaigns":false,"_monsterinsights_skip_tracking":false,"_monsterinsights_sitenote_active":false,"_monsterinsights_sitenote_note":"","_monsterinsights_sitenote_category":0,"footnotes":""},"class_list":["post-40","page","type-page","status-publish","has-post-thumbnail","hentry"],"aioseo_notices":[],"_links":{"self":[{"href":"https:\/\/cefoprosa.org\/index.php\/wp-json\/wp\/v2\/pages\/40","targetHints":{"allow":["GET"]}}],"collection":[{"href":"https:\/\/cefoprosa.org\/index.php\/wp-json\/wp\/v2\/pages"}],"about":[{"href":"https:\/\/cefoprosa.org\/index.php\/wp-json\/wp\/v2\/types\/page"}],"author":[{"embeddable":true,"href":"https:\/\/cefoprosa.org\/index.php\/wp-json\/wp\/v2\/users\/1"}],"replies":[{"embeddable":true,"href":"https:\/\/cefoprosa.org\/index.php\/wp-json\/wp\/v2\/comments?post=40"}],"version-history":[{"count":2,"href":"https:\/\/cefoprosa.org\/index.php\/wp-json\/wp\/v2\/pages\/40\/revisions"}],"predecessor-version":[{"id":274,"href":"https:\/\/cefoprosa.org\/index.php\/wp-json\/wp\/v2\/pages\/40\/revisions\/274"}],"wp:featuredmedia":[{"embeddable":true,"href":"https:\/\/cefoprosa.org\/index.php\/wp-json\/wp\/v2\/media\/275"}],"wp:attachment":[{"href":"https:\/\/cefoprosa.org\/index.php\/wp-json\/wp\/v2\/media?parent=40"}],"curies":[{"name":"wp","href":"https:\/\/api.w.org\/{rel}","templated":true}]}}

<p class="justification_texte" style="font-size:17px">Nos cours de langue sont conçus selon le Cadre européen commun de référence pour les langues (CECR). Ce cadre définit les différents niveaux d’aptitude dans les langues étrangères et les connaissances qui doivent être acquises à la fin de chaque niveau ainsi que le nombre d’heures de cours. Ce <a href="https://eduscol.education.fr/1971/cadre-europeen-commun-de-reference-pour-les-langues-cecrl" title="https://eduscol.education.fr/1971/cadre-europeen-commun-de-reference-pour-les-langues-cecrl">document</a> est la référence en la matière et a été reconnu par de nombreux pays africains parmi lesquels le Cameroun. Nos cours de langues s’inscrivent dans le même cadre afin de former des camerounais et étrangers aptes dans les seconde langues ou langues étrangères allemand, anglais et français.</p>

<p>Nos cours de langue sont conçus selon le Cadre européen commun de référence pour les langues (CECR). Ce cadre définit les différents niveaux d’aptitude dans les langues étrangères et les connaissances qui doivent être acquises à la fin de chaque niveau ainsi que le nombre d’heures de cours. Ce document est la référence en la [&hellip;]</p>
